 3427 a multiple of 43?
False
Does 40 divide 2800?
True
Does 11 divide 286?
True
Does 3 divide 16950?
True
Does 22 divide 440?
True
Is 1068 a multiple of 3?
True
Does 7 divide 119?
True
Is 33 a factor of 39171?
True
Is 8 a factor of 15336?
True
Is 41 a factor of 1700?
False
Is 5766 a multiple of 9?
False
Does 31 divide 558?
True
Is 8316 a multiple of 231?
True
Is 7 a factor of 3124?
False
Is 1577 even?
False
Is 20 a factor of 36300?
True
Is 43905 a multiple of 15?
True
Is 68 a factor of 752?
False
Does 38 divide 885?
False
Is 8716 a multiple of 4?
True
Does 15 divide 1350?
True
Is 335 a multiple of 59?
False
Is 8 a factor of 336?
True
Is 229 even?
False
Is 8808 a multiple of 8?
True
Is 782 a multiple of 65?
False
Does 9 divide 693?
True
Is 89 a factor of 21805?
True
Does 99 divide 21384?
True
Is 21 a factor of 3491?
False
Is 68 a factor of 1695?
False
Does 4 divide 1252?
True
Is 16 a factor of 11905?
False
Is 167794 a multiple of 13?
False
Is 19544 a multiple of 74?
False
Is 40769 a multiple of 11?
False
Does 51 divide 2890?
False
Does 12 divide 816?
True
Is 432 a multiple of 16?
True
Is 22 a factor of 7502?
True
Is 28 a factor of 7713?
False
Is 17 a factor of 93?
False
Is 29 a factor of 319?
True
Is 7 a factor of 45?
False
Does 37 divide 14425?
False
Is 294 a multiple of 6?
True
Is 131 a factor of 6766?
False
Is 92 a factor of 616?
False
Does 56 divide 35417?
False
Does 13 divide 3130?
False
Is 22 a factor of 5708?
False
Is 33 even?
False
Is 1256 a multiple of 68?
False
Does 58 divide 35752?
False
Does 20 divide 11860?
True
Is 31 a factor of 3162?
True
Does 21 divide 257?
False
Is 665 a multiple of 7?
True
Is 5348 a multiple of 27?
False
Does 15 divide 469?
False
Is 38 a factor of 34846?
True
Is 43 a factor of 1333?
True
Is 186 a factor of 4125?
False
Is 1591 a multiple of 37?
True
Is 146 a multiple of 22?
False
Is 1231 a multiple of 21?
False
Does 8 divide 3048?
True
Is 12 a factor of 5582?
False
Is 5226 a multiple of 2?
True
Is 42 a multiple of 3?
True
Is 10 a factor of 13880?
True
Does 31 divide 1658?
False
Is 9 a factor of 6531?
False
Is 25 a factor of 13914?
False
Does 67 divide 15678?
True
Is 622 a multiple of 19?
False
Is 141 a multiple of 89?
False
Is 26218 a multiple of 13?
False
Is 12 a factor of 4680?
True
Is 3 a factor of 91?
False
Is 1178 a multiple of 38?
True
Is 15042 a multiple of 82?
False
Does 89 divide 29265?
False
Does 24 divide 432?
True
Is 3560 a multiple of 40?
True
Is 63 a factor of 2583?
True
Does 29 divide 377?
True
Is 534 a multiple of 20?
False
Is 10 a factor of 690?
True
Is 1087 a multiple of 22?
False
Does 7 divide 2046?
False
Does 8 divide 1152?
True
Is 754 a multiple of 13?
True
Does 32 divide 992?
True
Is 20 a factor of 80?
True
Does 7 divide 172?
False
Is 8440 a multiple of 8?
True
Does 8 divide 8?
True
Is 2268 a multiple of 8?
False
Does 50 divide 3598?
False
Is 17 a factor of 7004?
True
Is 1248 a multiple of 26?
True
Does 6 divide 39?
False
Does 2 divide 4?
True
Does 63 divide 2732?
False
Does 12 divide 420?
True
Does 42 divide 1128?
False
Is 9764 a multiple of 148?
False
Is 5613 a multiple of 24?
False
Does 8 divide 5067?
False
Is 57 a factor of 33721?
False
Does 27 divide 1026?
True
Does 37 divide 148?
True
Is 22 a factor of 29889?
False
Does 28 divide 538?
False
Is 20 a factor of 900?
True
Is 114228 a multiple of 167?
True
Does 70 divide 3850?
True
Is 53 a factor of 1272?
True
Does 212 divide 4278?
False
Does 57 divide 6024?
False
Is 828 a multiple of 9?
True
Is 2 a factor of 118?
True
Is 288 a multiple of 36?
True
Does 50 divide 143500?
True
Is 62 a factor of 418?
False
Is 14 a factor of 4354?
True
Is 29112 a multiple of 21?
False
Does 23 divide 2130?
False
Is 21 a factor of 903?
True
Does 48 divide 1566?
False
Is 128 a multiple of 6?
False
Does 4 divide 124?
True
Is 30 a factor of 780?
True
Does 40 divide 4000?
True
Does 114 divide 14023?
False
Is 49 a factor of 26558?
True
Does 40 divide 41302?
False
Does 39 divide 440?
False
Is 38 a factor of 760?
True
Does 216 divide 87696?
True
Does 27 divide 8710?
False
Does 39 divide 106743?
True
Is 11 a factor of 33878?
False
Is 27 a factor of 65254?
False
Does 9 divide 2847?
False
Is 64 a multiple of 32?
True
Is 2653 a multiple of 25?
False
Is 4332 a multiple of 114?
True
Does 14 divide 24914?
False
Does 4 divide 73?
False
Is 12625 a multiple of 7?
False
Is 3713 a multiple of 47?
True
Is 19758 a multiple of 89?
True
Does 30 divide 214?
False
Is 4470 a multiple of 10?
True
Is 13 a factor of 263?
False
Does 225 divide 57624?
False
Is 83 a factor of 3611?
False
Does 100 divide 30828?
False
Does 7 divide 851?
False
Is 2571 a multiple of 10?
False
Does 4 divide 26542?
False
Is 50474 a multiple of 254?
False
Is 2985 a multiple of 11?
False
Is 371 a multiple of 7?
True
Is 7780 a multiple of 10?
True
Does 8 divide 49391?
False
Is 27 a factor of 1604?
False
Is 11 a factor of 451?
True
Is 91 a multiple of 13?
True
Does 122 divide 13797?
False
Is 33 a factor of 94875?
True
Is 123 a factor of 493?
False
Is 45023 a multiple of 10?
False
Is 28 a factor of 38647?
False
Does 4 divide 379?
False
Is 51 a factor of 11883?
True
Does 92 divide 3588?
True
Is 128 a factor of 71199?
False
Does 32 divide 34782?
False
Is 37 a factor of 259?
True
Is 9679 a multiple of 6?
False
Is 12 a factor of 756?
True
Does 29 divide 1015?
True
Is 2214 a multiple of 41?
True
Does 5 divide 155?
True
Does 13 divide 2090?
False
Is 7 a factor of 3038?
True
Is 67 a factor of 12342?
False
Is 8081 a multiple of 74?
False
Is 19 a factor of 1328?
False
Does 53 divide 3390?
False
Is 864 a multiple of 18?
True
Is 3515 a multiple of 5?
True
Does 96 divide 161?
False
Is 3 a factor of 261?
True
Does 48 divide 790?
False
Is 3299 a multiple of 4?
False
Is 66642 a multiple of 58?
True
Is 51 a factor of 1173?
True
Is 44 a factor of 15796?
True
Is 90 a factor of 41419?
False
Is 5 a factor of 819?
False
Is 2940 a multiple of 15?
True
Is 2724 a multiple of 19?
False
Is 5 a factor of 6014?
False
Is 30 a factor of 2439?
False
Is 220 a factor of 6600?
True
Does 3 divide 273?
True
Is 95 a multiple of 19?
True
Does 64 divide 1421?
False
Is 9728 a multiple of 128?
True
Does 9 divide 511?
False
Does 61 divide 4256?
False
Is 522 a multiple of 18?
True
Is 17 a factor of 119?
True
Is 4 a factor of 97?
False
Does 5 divide 891?
False
Does 83 divide 12748?
False
Is 90 a factor of 990?
True
Is 8 a factor of 1432?
True
Is 4170 a multiple of 15?
True
Is 39 a multiple of 3?
True
Is 57 a factor of 684?
True
Does 14 divide 3934?
True
Is 5026 a multiple of 77?
False
Does 10 divide 14890?
True
Does 20 divide 568?
False
Does 4 divide 625?
False
Is 3200 a multiple of 40?
True
Is 302 a factor of 88788?
True
Is 4 a factor of 239?
False
Is 4 a factor of 752?
True
Is 2672 a multiple of 24?
False
Is 4 a factor of 16290?
False
Is 9 a factor of 360?
True
Is 1828 a multiple of 26?
False
Is 19 a factor of 379?
False
Does 154 divide 56631?
False
Is 27312 a multiple of 16?
True
Is 177 a multiple of 27?
False
Is 2 a factor of 1255?
False
Does 20 divide 1520?
True
Is 297 a multiple of 9?
True
Does 247 divide 21736?
True
Does 46 divide 1000?
False
Is 17730 a multiple of 45?
True
Is 4352 a multiple of 68?
True
Is 777 a multiple of 37?
True
Is 5 a factor of 120?
True
Is 69 a factor of 4071?
True
Is 5 a factor of 66?
False
Does 45 divide 18145?
False
Is 8736 a multiple of 12?
True
Does 16 divide 923?
False
Does 25 divide 2592?
False
Is 32 a factor of 6925?
False
Does 102 divide 22644?
True
Is 25412 a multiple of 22?
False
Is 3573 a multiple of 41?
False
Does 5 divide 518?
False
Is 20 a factor of 17720?
True
Is 9 a factor of 31050?
True
Is 19 a factor of 253?
False
Does 8 divide 14349?
False
Does 42 divide 2039?
False
Does 128 divide 17280?
True
Does 31 divide 103?
False
Does 12 divide 5843?
False
Is 43840 a multiple of 20?
True
Does 4 divide 144?
True
Is 27 a factor of 54?
True
Does 64 divide 12150?
False
Is 1388 a multiple of 3?
False
Is 444 a multiple of 12?
True
Is 54 a factor of 378?
True
Is 4 a factor of 34890?
False
Does 30 divide 1809?
False
Does 142 divide 4828?
True
Is 972 a multiple of 9?
True
Is 18 a factor of 656?
False
Does 98 divide 8809?
False
Is 49 a factor of 735?
True
Is 4080 a multiple of 30?
True
Is 756 a multiple of 80?
False
Is 1740 a 